+ x/(-6)?
14
Let t(g) = -8*g - 39. Calculate the remainder when 13 is divided by t(-6).
4
Let c(f) = -f**3 - 4*f**2 + 3*f - 2. Calculate the remainder when (23 - 0)*(-5 - -6) is divided by c(-5).
7
Let w(g) = g**3 - g**2 + g. Let a be w(0). Suppose 3*f + a*j = 4*j + 20, -f + j = -5. Suppose f = 2*h + 1 - 17. Calculate the remainder when 15 is divided by h.
7
Let g be 32/12*(-18)/(-8). Suppose g - 5 = -z. Let x(i) = -15*i**3. Calculate the remainder when 44 is divided by x(z).
14
Suppose -4*i + 149 = -3*a, 4*i - 2*a - 3*a = 147. Let t be 2*-1*(1 - 5). What is the remainder when i is divided by 2/(-3)*(-156)/t?
12
Let g(n) = -n**3 - 7*n**2 + 9*n + 8. Let v be g(-8). Suppose 0 = -3*s - 3*u + 147, -5*s + 5*u + 225 = -v*s. Calculate the remainder when s is divided by 16.
15
Suppose 4*p + f = -19 + 74, -70 = -3*p + 5*f. What is the remainder when p is divided by 2 + -7*(-4)/4?
6
Let k(t) = t + 3. Calculate the remainder when 95 is divided by k(9).
11
Let u = 37 - -87. Suppose 0 = 2*g - 4*v - 22 - 22, 0 = -5*g - 4*v + u. What is the remainder when g is divided by 13?
11
Let l be 0/(4 - (2 + 1)). Let w(u) = -u**2 + u + 62. What is the remainder when w(l) is divided by 21?
20
Suppose -13 - 27 = -2*v. Let o(d) = -d**3 - 3*d**2 + 2*d - 2. Calculate the remainder when o(-5) is divided by v.
18
Let l = 30 + -3. Let x be 3 + -1 + 0 + -5. Let c = 4 - x. Calculate the remainder when l is divided by c.
6
Let m = 3 + 0. Suppose m*r - 1 - 8 = 0. What is the remainder when r is divided by 1?
0
Let t(h) = 20*h**2 - h + 1. Let w be t(1). Suppose -5*m + 34 = -6. Calculate the remainder when m is divided by (10/(-8))/((-5)/w).
3
Let v be 4 - (-1 + 1) - -1. Suppose -v*h - 3*x + 45 = 2*x, 4*x = 2*h - 30. Suppose -42 = 3*p - 5*p. Calculate the remainder when p is divided by h.
10
Let b(r) = -8*r + 2. Let a be b(-2). Let d = -6 + a. Let z = 143 + -136. What is the remainder when d is divided by z?
5
What is the remainder when 17 is divided by (-9)/(-15) + 3*32/15?
3
Let y(q) be the second derivative of 5*q**4/4 - q**3/6 + q. Calculate the remainder when y(-1) is divided by 9.
7
Calculate the remainder when 6 is divided by 6/10 + 34/10.
2
Let l(p) = -7*p - 5. Let y be l(-4). Let t = 50 - y. What is the remainder when t is divided by 14?
13
Let p = 11 - 7. Suppose -33 - 59 = -p*i. What is the remainder when i is divided by 8?
7
Suppose 3*t = 5*g + 42 - 7, -2*t = -3*g - 22. Suppose b - 12 = -2*b. Suppose b*j - 2 = 3*z, -12 = -z - 4*z - j. What is the remainder when t is divided by z?
1
Suppose s + 2 = 3*v + 3*s, -2*v = 2*s. Let r be (6 + -2)*46/v. Suppose h - r = -3*h. What is the remainder when h is divided by 12?
11
Let p(s) = s**3 - 6*s**2 + 2*s - 3. Let f be p(5). Let r = f - -35. Calculate the remainder when 47 is divided by r.
13
Suppose -3*r + 52 = -4*w, 3*w + 2*w + 20 = 0. Calculate the remainder when 82 is divided by r.
10
Let p = -11 - 4. Let n = -10 - p. Let w(m) = m**3 + m**2 - 3*m + 3. What is the remainder when w(2) is divided by n?
4
Suppose 2*y + 35 + 55 = 2*n, 0 = -5*y - 5*n - 205. Let a = y + 96. Let m = 38 - 24. What is the remainder when a is divided by m?
11
Let u = -157 + 107. Let o = 87 + u. What is the remainder when o is divided by 13?
11
Let s = -4 + 7. Suppose -12*k - 13 = -13*k. What is the remainder when k is divided by s?
1
Suppose -11 = -3*f + 1. Suppose 0 = -0*v + v - 18. Suppose 0*o = 3*o - v. Calculate the remainder when o is divided by f.
2
Let c = -72 - -141. What is the remainder when c is divided by 18?
15
Suppose -3*a - 13 = -4*a. What is the remainder when 48 is divided by a?
9
Let q(f) = 3*f - f**2 + 0*f**2 - f**3 + 0*f. Let p be q(-3). Calculate the remainder when 6/p + 56/6 is divided by 6.
4
Let r(z) = -2*z + 16. Let q be r(8). What is the remainder when 114 is divided by (-58)/2*(q - 1)?
27
Let b(t) = t**3 + 7*t**2 + 6*t. Let v be b(-6). Suppose -j - j + 58 = v. Calculate the remainder when j is divided by 15.
14
Suppose -2*p - 4 = -42. What is the remainder when 330/(-9)*(-3)/2 is divided by p?
17
Let v be (1/3)/((-1)/(-3)). Calculate the remainder when v/2 - 30/(-4) is divided by 3.
2
Let o(x) = x**3 + 5*x**2 - 5*x - 4. Let c be o(-5). Suppose 3*z - 5*m - c = 0, -3 = z - 3*m - 2*m. What is the remainder when 36 + -1 + -1 + 1 is divided by z?
11
Calculate the remainder when 82 is divided by (-6 + 8)*21/2.
19
Suppose -2*r - 3 = -11. Suppose z = 4*h - 39, -5*z = -5*h + 9 + 36. What is the remainder when h is divided by (r/(-5))/((-2)/10)?
2
What is the remainder when (-6 + -4)*(-5)/2 is divided by 14?
11
Suppose -2 - 14 = -4*f. Suppose 0 = -j - f + 15. Calculate the remainder when j is divided by 3.
2
Let f = -82 - -312. Suppose 0 = -k + 6*k - f. Calculate the remainder when k is divided by 16.
14
Let l = -8 - -15. Let t = -15 + 11. Let z = l + t. What is the remainder when 4 is divided by z?
1
Let q = 160 - 91. Calculate the remainder when q is divided by 24.
21
Let v(c) be the second derivative of 29*c**4/6 - c**3/6 - 5*c. Calculate the remainder when v(1) is divided by 15.
12
Let s be (2/3)/(-1)*-3. Suppose -s*a - 48 = -2*q, -q + 2*a + 21 = -0*q. What is the remainder when q is divided by 7?
6
Suppose 3*x - 5*x + 10 = 0. Let z = 2 - 2. Suppose 9 = n - z*n. What is the remainder when n is divided by x?
4
Let v(s) = -s**3 + 7*s**2 + 7*s + 3. Let g be v(7). Suppose -5*u + g = -93. Calculate the remainder when u is divided by 16.
13
Let y(s) = -41*s + 1. Let h = -238 - -259. What is the remainder when y(-2) is divided by h?
20
Let d(y) = 17*y**3 - y**2 - y + 1. Calculate the remainder when 31 is divided by d(1).
15
Let q be ((-9)/3)/(6/(-8)). Suppose -2 = -q*w + 18. What is the remainder when 7 is divided by w?
2
Suppose 2*l + 46 = -44. Let r = -2 - l. What is the remainder when r is divided by 11?
10
Suppose 3 = -2*z + 5. Suppose 7 = -p + 2*j, -2*p = j + 2*j - 21. Suppose -4*t = -t - p. What is the remainder when t is divided by z?
0
Let l(i) = -i**2 - 9. Let a be l(0). Let f = -6 - a. What is the remainder when 7 is divided by f?
1
Let z = -12 - -21. Let a = 35 + -11. Suppose -a = -k - 4*c, k - 5*k - 3*c = -70. Calculate the remainder when k is divided by z.
7
Suppose 2*f = 7*f - 4*y - 125, 140 = 5*f - y. Calculate the remainder when f is divided by 10.
9
Suppose -5*g = i - 17, 3*g = 3*i + i + 1. Suppose 5*j + 1 = b, i*b - 9 = -j + 26. Suppose 85 + 5 = 3*n. Calculate the remainder when n is divided by b.
14
Let n = 115 - 78. Suppose 344 = -w + 5*w. Suppose 0 = 4*z + 3*y - y - w, 13 = 2*z - 5*y. What is the remainder when n is divided by z?
18
Let v be (-21)/56 - (-1123)/8. Suppose -9*k + 4*k = -v. What is the remainder when k is divided by 17?
11
Let p be (-4)/2 - (-2 - 2). Suppose 3*y + 23 = x, 12 = x + p*y - 1. What is the remainder when x is divided by 10?
7
Suppose 15 = f - 0. Calculate the remainder when f is divided by 4.
3
Suppose 4*h + 4*u = u, 5*h + 3*u = 0. Suppose h = 5*r - d - 92, 2*r - 2*d = 7*r - 101. Calculate the remainder when r is divided by 5.
4
Let a = 8 - -18. Suppose 2 = -n + 6. Suppose 0*r = -3*u + 5*r + 67, -u + n = 2*r. Calculate the remainder when a is divided by u.
12
Let x(a) = a**2 - 4*a - 3. Suppose r - 10 = 20. Calculate the remainder when ((-78)/4)/(r/(-40)) is divided by x(6).
8
Let l(o) = 2*o**2 - 11*o + 1. What is the remainder when l(10) is divided by 46?
45
What is the remainder when ((2 + 181)/3)/1 is divided by 16?
13
Let t(v) = 3*v**2 - 3*v. Let a(b) = -17*b + 2. Suppose -3*k = -y + 3, -5*y + 0*k - 5 = -5*k. Calculate the remainder when a(y) is divided by t(3).
17
Suppose 2*o - 11 - 3 = 0. Suppose -o*j + 2*j = -5*k, -2*k + 8 = 0. What is the remainder when 11 is divided by j?
3
Let s be -6*2/8*-2. Suppose s = g - 10. Let n = 12 - -25. What is the remainder when n is divided by g?
11
What is the remainder when 0/(-7 + 2) - -59 is divided by 20?
19
Let s = -10 + 18. Let j = -3 + s. Suppose -j*l + 39 + 1 = 0. Calculate the remainder when 14 is divided by l.
6
Let b = -10 - -26. Let s be (-60)/9 - (-2)/3. What is the remainder when 680/15 + 2/s is divided by b?
13
Suppose 272 = 4*d - 4*y, 4*d + y = -3*y + 304. Suppose -b = 3*b - d. Calculate the remainder when 52 is divided by b.
16
Let s = 59 + -32. Calculate the remainder when (-51)/(-2)*(1 - -1) is divided by s.
24
Suppose -4*x - 3*h = 